+ 2. Let w(l) = 5*l + 1. Let k(d) = h(d) - 8*w(d). Let u = 50 - 54. What is k(u)?
26
Let h(t) = -2*t**2 + 48*t - 50. Suppose 185*n - 184*n - 45 = -2*a, 4 = -4*n. Give h(a).
-4
Let o(j) = j**3 + 2*j**2 - 4*j - 2. Let x be o(-3). Let s be (-9)/(-36) - 7/(-4). Let p(d) = 6*d - d - 5*d + 1 - d + 3*d**s. Determine p(x).
3
Suppose -p + 125 = 4*u, -2*p + 226 = -11*u + 13*u. Let c(i) = 226*i - p*i - 116*i. Give c(10).
10
Suppose -6 = 4*h + 10. Let n(f) be the third derivative of f**4/24 + f**3 - f**2 + 1791*f - 2. Give n(h).
2
Let u(q) = -q**2 - 112*q - 643. Suppose 2676*y - 2744*y - 408 = 0. What is u(y)?
-7
Let p(l) = -176*l - 4046. Let q be p(-23). Let s(m) be the first derivative of 1 - 1/4*m**4 + q*m**3 - m**2 - 5*m. Give s(5).
10
Suppose 9*g - 10*g = -11. Let t(l) = -2*l + 15 + 10*l**2 - g*l**2 - 7*l - 2*l. Calculate t(-12).
3
Let v(l) = -7*l**3 + 26*l**2 - 59*l - 92. Let n(u) = -9*u**3 + 25*u**2 - 57*u - 91. Let g(i) = -4*n(i) + 5*v(i). Calculate g(-32).
0
Let s(z) = -2*z**3 - 9*z**2 - 9*z - 18. Let c(p) = 3*p**3 + 13*p**2 + 14*p + 27. Let t(m) = -5*c(m) - 8*s(m). Let l = 19344 - 19351. Determine t(l).
-5
Let z(t) = -3*t**2 + 6*t - 5. Let g(o) = 2*o**2 - 2*o + 1. Let j(l) = -l + 15. Let v be j(17). Let b(n) = v*g(n) - z(n). Let q = -9 - -5. Determine b(q).
-5
Let h(r) = -15*r**3 - 4*r**2 - 19*r - 14. Let n(a) = a**3 - 2*a + 2. Let b be n(1). Let p(m) = -2*m**3 - 3*m - 1. Let z(y) = b*h(y) - 7*p(y). Calculate z(-5).
8
Let b(n) = n**2 - 6*n - 8. Suppose -10*k + 6*k = -56. Suppose 3*x - g = g - 42, 0 = x - 4*g + k. Let h = x + 22. Calculate b(h).
8
Let h be (-1)/(-6) + 35/42. Let j(r) = 33*r - 17*r + h - 15*r. Let l be (20 - 11)*(-4)/6. What is j(l)?
-5
Let q be -6*(-1)/(-4)*-2. Let l(w) = -2*w**2 + 255 - 247 + q*w**2 + w**3. Give l(0).
8
Let b(p) be the first derivative of p**5/60 + p**4/4 + 7*p**3/3 - 4*p + 45. Let v(l) be the third derivative of b(l). Suppose 2*s + 3*s - 25 = 0. What is v(s)?
16
Let v(w) = w**2 - 6*w - 23. Let z = 4490 + -4480. What is v(z)?
17
Let k(c) = -8*c - 271. Let t be k(-34). Let s(i) = 8*i**2 - i + 2. Determine s(t).
9
Let q(h) = -h**3 - 9*h**2 + 24*h + 8. Let x(d) = -d**3 - 16*d**2 - 17*d - 41. Let b be x(-15). Determine q(b).
-14
Let j(d) = 5*d**2 + 15*d + 3. Let a(b) = -2*b**2 - 6*b + 212. Let m be a(9). Give j(m).
23
Let i(l) = -10*l**3 - 9*l**2 + 4*l + 1. Let s(j) = -j**3 - 2*j**2 + j. Let w(d) = -i(d) + 6*s(d). Let x be (29 - 35)*(-1)/3. Calculate w(x).
23
Let b(a) = 9*a**2 - 2*a. Let j(h) = 17*h**2 - 7*h - 4. Let n(v) = -2*b(v) + j(v). Suppose -2*p - 2 = 6. What is n(p)?
-8
Let k(c) = 1 + 21283088*c**3 - 21283089*c**3 - 72*c + 37*c**2 + 55. Determine k(35).
-14
Let s(t) = -2486 + 4986 - 2*t - 2488 - t**2. Determine s(-5).
-3
Let h(n) = -n**3 - 4*n**2 + 5*n - 5. Let d be (-14)/91 + (-284)/13. Let j be ((-385)/d)/(-7)*4/2. What is h(j)?
-5
Let p(j) = -j**3 + 2*j**2 - 32*j + 60. Let z be p(2). Let f(d) = d**2 + 8*d + 10. What is f(z)?
-6
Let o(k) be the third derivative of -k**5/60 + 5*k**4/4 - 53*k**3/6 - 2*k**2 - 14*k + 53. What is o(29)?
-24
Suppose -3*k = 2*o - 68, -6*o - 5*k + 175 = -o. Suppose o = 2*y + 47. Let u(g) = g**3 + 4*g**2 - g + 7. Determine u(y).
-13
Let b(c) = -18*c - 1. Let p(l) = -129*l - 520. Let a be p(-4). Give b(a).
71
Suppose -l + 9 = 3*k, -3*k + 9 = -6. Let d be 4 + 2*(-3)/l*-3. Let f(c) = 7*c - 8*c + c + 2*c + d. Determine f(-1).
-1
Let n(x) = 1. Let g(i) = 2*i - 8. Suppose 0 = 5*q - 13*q + 48. Let m(a) = q*n(a) + g(a). Give m(-1).
-4
Let n(b) = b**3 + 7*b**2 + 6*b - 2. Suppose 9420 = -4*k - 960. Let z be 4/(-22) + k/(-55). Let r = z + -53. What is n(r)?
-2
Let f(o) = o**2 + 4*o + 1. Suppose -2 = 2*a - 12. Suppose -2*s + a*p = 8, -4*s - 9*p = -5*p + 16. What is f(s)?
1
Let z(x) = -3*x**2 + 28*x + 58. Suppose -j - 457 = -4*l - 407, l - 17 = j. Give z(l).
3
Suppose 18 + 32 = -5*w. Let d be 76/57*33/4. Let v(m) = -5 - m**2 - d*m - 8 + 2. Give v(w).
-1
Let y = 1238 - 138. Let w = 1106 - y. Let z(u) be the first derivative of u**2/2 - 2*u - 1. Give z(w).
4
Let z = -1256 - -1256. Let m(x) = 6*x - 24. Give m(z).
-24
Suppose -11*f - 8*f = -209. Let c(n) = -f*n - 23650*n**3 + 23649*n**3 - 9 - 12*n**2 + 0*n. What is c(-11)?
-9
Let z(k) be the first derivative of -k**4/4 - 10*k**3/3 - 8*k - 16. Let h be z(-10). Let l be (-26)/8 - 2/h. Let p(i) = i**2 + i - 3. What is p(l)?
3
Let z(k) = k**2 - 5. Let p be z(-4). Let h(j) be the first derivative of j**4/4 - 10*j**3/3 - 13*j**2/2 + 9*j + 74444. Calculate h(p).
-13
Let p(z) be the first derivative of z**3/3 + 46*z - 1233. Determine p(0).
46
Let w(l) be the third derivative of -7*l**5/60 - l**3/3 - 27*l**2 - l + 13. Give w(1).
-9
Suppose 0 = 31*f - 715 + 250. Let u(g) = 27*g - 401. Calculate u(f).
4
Let i(v) = -32 + 10*v + 19 + 11. Let z(n) = -n**3 + 2*n**2 + 7*n + 2. Let q be z(4). Give i(q).
-22
Let i(n) = -7 - 7*n**2 - 11*n + 0*n**2 + 6*n**2 - 4. Suppose 3*a - 90 = 13*a. Give i(a).
7
Let g be ((-2)/5)/(5/(-25)). Suppose -5*b = -3*q + 38, 3*b = 5*q - g*b - 80. Let k = -27 + q. Let n(m) = -m**3 - 7*m**2 - 6*m + 1. Give n(k).
1
Let u(y) be the third derivative of y**4/24 + y**3/3 - 25*y**2 - 118. Let i = 0 - -4. What is u(i)?
6
Let x(q) = 18*q + 33. Let z = -10234 + 10229. Determine x(z).
-57
Let b(i) = -2*i**3 - 2*i**2 + 5*i - 1. Let s(m) = -149*m + 2237. Let p be s(15). What is b(p)?
-15
Let s(w) = w**2 - 7*w + 4. Let i be s(7). Suppose 5*n - 10 = 0, 5*z - 3*z + 5*n = 14. Let o(l) = -2*l - l**2 + 2 - 3*l + l**2 + l**z. Determine o(i).
-2
Let n(p) be the third derivative of p**4/6 + 13*p**3/6 - 1827*p**2. Determine n(-4).
-3
Let n(q) = -q**2 - 2*q - 1. Suppose -5*a = -j + 16, -4*j - j - 5*a + 20 = 0. Suppose 21*x = -69 + j. Determine n(x).
-4
Let o be ((-4)/(-6))/((-2)/(-6)). Let l(p) = p**3 - 2*p**2 - 7*p - 3. Let z be l(4). Let s(q) = z - 15 + 17 - 8*q. What is s(o)?
-13
Let c be 6/45 - ((-1141)/105 + 7). Let t(x) = -2*x - c + x + 4*x + 2*x. Give t(2).
6
Suppose -67*v + 33*v = 272. Let f(i) = i**2 - 6*i - 118. Determine f(v).
-6
Suppose -2*i + 17 = 2*d - 3*i, d + 4 = -2*i. Let r(c) = 18*c - 10*c - 6*c**2 + c**3 - 9*c + 8. What is r(d)?
2
Let a(k) be the first derivative of -k**3/3 - 4*k**2 + 3*k - 391. Determine a(-3).
18
Let o(n) = -3*n**2 - 529*n + 1065*n - 512*n. Calculate o(10).
-60
Let p = 123 - 119. Let m(g) = 6*g + 2*g**3 - 7*g + 2*g**3 - 3*g**3 - p - 3*g**2. Calculate m(4).
8
Let w(d) = 3*d**2 + 6*d + 6. Let b be (-50)/20*(-48)/(-15). Let h be -2*-1*(7 + b). Give w(h).
6
Suppose -4*b = 2*s + 7 - 19, -2*s + 2 = -b. Let a(k) = 8*k**2 + 7*k**2 + 5*k**2 + 4*k - 21*k**s + 4 + 2*k**2. Determine a(-5).
9
Let h(v) be the third derivative of -11*v**6/120 + v**5/60 + v**4/12 - v**3/6 + 1175*v**2. Determine h(-2).
87
Let y(l) = -l**3 + 11*l**2 + 13*l - 7. Suppose -4*h + 5*v = -73, 4*h = 2*h - 2*v + 14. Let s be y(h). Let t(k) = s*k**2 - 2*k + 4 - 1 - 2. What is t(1)?
4
Suppose 0 = 7*h - 84 - 7. Suppose -5*t = -3*r + 5*r + 17, 4*t + r = -h. Let j(b) = -b**2 - 3*b. What is j(t)?
0
Let t(v) = -9*v - 14*v - 5*v + 26*v - 8 - 1. Determine t(-6).
3
Let h(d) = 0*d + 0*d - 3*d**3 + 2*d**3 + 3*d**2 + 2*d + 4. Let g be ((-5)/(15/8))/((-13)/((-39)/(-2))). Calculate h(g).
-4
Let m(j) be the third derivative of -7*j**4/6 - 9*j**3/2 + 874*j**2 - 1. Calculate m(3).
-111
Let z(b) be the first derivative of -19*b**4/2 - 7*b**2/2 - 6*b + 5934. Give z(-1).
39
Let o be (-546)/1274 - ((-134)/(-14) - 0). Let m(q) = -2*q**3 - 21*q**2 - 11*q - 3. Determine m(o).
7
Suppose 52*c - 39*c = -65. Let z(f) = 4*f - 9 - f + 0*f - 4*f. Give z(c).
-4
Let u(w) = w**3 - 5*w**2 - 3*w - 14. Let c be u(6). Let y(f) = c*f - 3572 + 3576 - 2*f. Give y(-6).
-8
Let j = 76803 + -76822. Let z(q) = -q + 14. Let i(h) = -2*h + 15. Let u(y) = 2*i(y) - 3*z(y). Give u(j).
7
Let j(m) = -4*m - 19. Let h be 30/(-3)*(14/(-28) + (2 - 1)). Determine j(h).
1
Let v(c) = -c**2 - 9*c + 9. Let b be v(-9). Suppose 153*p + 480 = 147*p. Let s be 3/b + p/24. Let f(q) = 2*q - 3. Calculate f(s).
-9
Let l(a) = 4*a**2 + 2*a + 1. Let b be l(-1). Let h(t) = -92 + 2*t + 4*t**2 - 4*t**b + 88 + 5*t**3. Let o = 100 + -104. Give h(o).
-12
Let x(r) = 6*r - 6. Suppose -39*i + 37*i + 48 = 0. Let d(v) = 2*v**2 - 47*v - 15. Let k be d(i). Let o be (32/3)/8*k/3. Calculate x(o).
18
Let z(w) = w**3 - w**2 - w - 5. Let q(f) = -50*f + 210